y 3737?
3726
Calculate the remainder when 157168 is divided by 2274.
262
Calculate the remainder when 2030345 is divided by 63444.
137
What is the remainder when 3546811 is divided by 886700?
11
Calculate the remainder when 8798577 is divided by 79987.
7
What is the remainder when 616702 is divided by 12585?
37
What is the remainder when 44635 is divided by 22026?
583
Calculate the remainder when 2614304 is divided by 14854.
0
Calculate the remainder when 1104278668 is divided by 110.
108
What is the remainder when 23509141 is divided by 192?
85
Calculate the remainder when 3607879239 is divided by 6040.
6039
Calculate the remainder when 4203312 is divided by 1069.
4
What is the remainder when 9465674 is divided by 4346?
86
What is the remainder when 22927 is divided by 9271?
4385
Calculate the remainder when 880631 is divided by 4786.
7
What is the remainder when 1030201 is divided by 3552?
121
What is the remainder when 3576435 is divided by 715285?
10
What is the remainder when 77562 is divided by 38781?
0
Calculate the remainder when 4878189 is divided by 3314.
3295
What is the remainder when 131849 is divided by 65510?
829
Calculate the remainder when 180293 is divided by 12008.
173
What is the remainder when 1413319 is divided by 4?
3
Calculate the remainder when 37883888 is divided by 783.
782
Calculate the remainder when 4472482653 is divided by 16.
13
What is the remainder when 1301886 is divided by 622?
40
Calculate the remainder when 46162519 is divided by 23081236.
47
Calculate the remainder when 1052771 is divided by 1162.
1161
What is the remainder when 520616 is divided by 4269?
4067
What is the remainder when 667435189 is divided by 614?
611
Calculate the remainder when 49541 is divided by 2926.
2725
What is the remainder when 116838832 is divided by 873?
4
Calculate the remainder when 1824536 is divided by 3606.
3506
Calculate the remainder when 5967779 is divided by 13.
12
Calculate the remainder when 3217993 is divided by 3030.
133
What is the remainder when 507557 is divided by 250?
57
Calculate the remainder when 8691492 is divided by 14.
12
Calculate the remainder when 6445921 is divided by 3752.
3737
Calculate the remainder when 29577 is divided by 217.
65
What is the remainder when 442193813 is divided by 205?
203
What is the remainder when 6654219 is divided by 263?
56
What is the remainder when 103363 is divided by 96?
67
Calculate the remainder when 324804 is divided by 107930.
1014
Calculate the remainder when 9162 is divided by 3462.
2238
Calculate the remainder when 8099512 is divided by 117384.
16
Calculate the remainder when 9446280 is divided by 191.
184
What is the remainder when 8255418 is divided by 125082?
6
Calculate the remainder when 545269480 is divided by 293.
289
What is the remainder when 1537049 is divided by 80878?
367
What is the remainder when 10630716 is divided by 1518667?
47
Calculate the remainder when 3495331 is divided by 13042.
75
Calculate the remainder when 288782 is divided by 96188.
218
Calculate the remainder when 194429140 is divided by 3244.
0
What is the remainder when 93143 is divided by 1277?
1199
Calculate the remainder when 372385 is divided by 523.
9
Calculate the remainder when 8667972 is divided by 4333956.
60
What is the remainder when 369009 is divided by 216?
81
What is the remainder when 16586919 is divided by 201?
198
Calculate the remainder when 343680 is divided by 3772.
428
Calculate the remainder when 3992695 is divided by 1067.
1048
Calculate the remainder when 37336135 is divided by 27.
22
What is the remainder when 447573 is divided by 1108?
1049
What is the remainder when 33364 is divided by 928?
884
Calculate the remainder when 120167 is divided by 118878.
1289
What is the remainder when 1876019 is divided by 3080?
299
What is the remainder when 63751 is divided by 1614?
805
Calculate the remainder when 121698 is divided by 19407.
5256
What is the remainder when 1075892 is divided by 153642?
398
Calculate the remainder when 646199 is divided by 347.
85
What is the remainder when 428738 is divided by 106685?
1998
What is the remainder when 95406 is divided by 1310?
1086
What is the remainder when 26346 is divided by 12650?
1046
What is the remainder when 365260 is divided by 969?
916
What is the remainder when 1771950 is divided by 79?
59
What is the remainder when 20668 is divided by 9880?
908
What is the remainder when 2105193 is divided by 3012?
2817
Calculate the remainder when 1775450 is divided by 88769.
70
Calculate the remainder when 12915762 is divided by 1076313.
6
Calculate the remainder when 1284132211 is divided by 91.
89
Calculate the remainder when 88685381 is divided by 594.
587
Calculate the remainder when 104357758 is divided by 240.
238
Calculate the remainder when 5064440 is divided by 514.
512
What is the remainder when 905032 is divided by 4095?
37
What is the remainder when 27766620 is divided by 301811?
8
Calculate the remainder when 3622 is divided by 181.
2
What is the remainder when 19483 is divided by 1195?
363
What is the remainder when 7504548 is divided by 88?
84
What is the remainder when 232795 is divided by 595?
150
Calculate the remainder when 6954399 is divided by 987.
984
What is the remainder when 16590296 is divided by 19495?
51
What is the remainder when 254709 is divided by 18160?
469
What is the remainder when 42864467 is divided by 354?
23
Calculate the remainder when 129159368 is divided by 855360.
8
What is the remainder when 3182853 is divided by 353545?
948
What is the remainder when 1883898141 is divided by 747?
744
What is the remainder when 209685823 is divided by 18?
7
Calculate the remainder when 76836 is divided by 2941.
370
What is the remainder when 7207138 is divided by 2058?
22
Calculate the remainder when 16050236 is divided by 180.
176
Calculate the remainder when 6335065 is divided by 1555.
1550
Calculate the remainder when 24867240 is divided by 540592.
8
Calculate the remainder when 131190 is divided by 8154.
726
Calculate the remainder when 1313558718 is divided by 1360.
1358
Calculate the remainder when 59352 is divided by 8443.
251
Calculate the remainder when 10260 is divided by 695.
530
Calculate the remainder when 140419138 is divided by 291.
289
What is the remainder when 17805465 is divided by 2967571?
39
Calculate the remainder when 345715 is divided by 329.
265
Calculate the remainder when 900313 is divided by 194.
153
Calculate the remainder when 14992404 is divided by 116220.
24
Calculate the remainder when 1962090 is divided by 1994.
1988
Calculate the remainder when 2656312 is divided by 450.
412
Calculate the remainder when 56333731 is divided by 49.
48
What is the remainder when 1334313 is divided by 226?
9
What is the remainder when 2783347 is divided by 172?
43
Calculate the remainder when 439666719 is divided by 764.
763
Calculate the remainder when 6356838 is divided by 289.
283
What is the remainder when 147785 is divided by 73892?
1
What is the remainder when 124923449 is divided by 822?
821
What is the remainder when 26942 is divided by 22428?
4514
What is the remainder when 6145523 is divided by 693?
692
Calculate the remainder when 490090 is divided by 6116.
810
Calculate the remainder when 6735341 is divided by 403.
2
Calculate the remainder when 3116639 is divided by 171.
164
Calculate the remainder when 5055957 is divided by 1092.
1089
What is the remainder when 160929 is divided by 13287?
1485
Calculate the remainder when 600335 is divided by 200044.
203
Calculate the remainder when 8618574 is divided by 84.
6
What is the remainder when 417912 is divided by 417903?
9
What is the remainder when 474526 is divided by 237003?
520
Calculate the remainder when 193401 is divided by 879.
21
What is the remainder when 131988 is divided by 21987?
66
Calculate the remainder when 7659997 is divided by 20.
17
Calculate the remainder when 177418 is divided by 10436.
6
What is the remainder when 3971228 is divided by 1323742?
2
Calculate the remainder when 21257 is divided by 9655.
1947
Calculate the remainder when 46133385 is divided by 71.
70
Calculate the remainder when 10684085 is divided by 3487.
3404
What is the remainder when 78301 is divided by 8652?
433
Calculate the remain